) = -2*m**3 - 2*m**2 + 6*m + 23. Calculate k(-4).
95
Let p(s) = -2*s**3 + 55*s**2 - 26*s - 33. Calculate p(27).
-6
Let y(x) = 2*x**2 + 85*x - 1502. Determine y(-56).
10
Let g(s) = 1101*s + 20845. Give g(-19).
-74
Let b(c) = 217*c**2 - 5645*c + 34. Give b(26).
-44
Let g(i) = i - 17. Determine g(39).
22
Let w(b) = -52*b + 1553. Calculate w(27).
149
Let f(m) = m**2 + 40*m + 121. What is f(-34)?
-83
Let d(g) = 3*g**2 - 19*g - 41. Determine d(8).
-1
Let c(k) = -k**3 - 97*k**2 + 948*k + 47. Calculate c(9).
-7
Let y(z) = -61*z - 331. What is y(-6)?
35
Let y(g) = -g**2 - 1394*g - 5563. Give y(-4).
-3
Let p(b) = -24*b - 111. Calculate p(-9).
105
Let d(x) = -44*x + 435. Determine d(11).
-49
Let d(k) = 1047*k + 6276. What is d(-6)?
-6
Let j(r) = 100*r + 289. Give j(-5).
-211
Let o(f) = 240*f - 46329. Calculate o(193).
-9
Let r(i) = -13*i - 145. What is r(-14)?
37
Let b(y) = 824*y - 134320. What is b(163)?
-8
Let s(d) = -21*d + 608. Calculate s(32).
-64
Let n(q) = q**2 - 74*q - 3667. What is n(-34)?
5
Let g(d) = 47*d + 825. Determine g(-18).
-21
Let u(c) = -35*c + 765. Determine u(23).
-40
Let x(i) = i**2 - 9*i + 31. Give x(11).
53
Let v(a) = a**2 + 35*a + 173. What is v(-13)?
-113
Let s(l) = -2*l**2 - 83*l + 9. What is s(0)?
9
Let i(l) = -2*l**2 - 28*l + 8. Determine i(-14).
8
Let w(y) = 770*y + 2304. Calculate w(-3).
-6
Let p(y) = 67*y + 211. Give p(-4).
-57
Let p(b) = 101*b - 2568. Determine p(28).
260
Let y(z) = 2574*z - 131282. Give y(51).
-8
Let j(s) = -4*s**3 + 71*s**2 + 25*s - 124. Give j(18).
2
Let b(l) = -25*l + 992. Calculate b(40).
-8
Let v(d) = d**2 + 110*d + 2954. Give v(-46).
10
Let h(x) = 7*x**2 - 899*x - 513. Give h(129).
3
Let z(g) = 12*g + 191. What is z(-8)?
95
Let m(u) = 2*u**2 - u - 84. Calculate m(7).
7
Let j(c) = -c**3 - 39*c**2 - 61*c - 869. Determine j(-38).
5
Let j(a) = 3*a**2 + 103*a - 179. What is j(-36)?
1
Let b(u) = -48*u + 1269. What is b(26)?
21
Let z(j) = 6*j + 135. Calculate z(-13).
57
Let u(m) = -210*m + 26914. Calculate u(128).
34
Let f(s) = 12*s**3 + 3*s - 3. Calculate f(-2).
-105
Let o(t) = t**3 - 15*t**2 - 18*t - 31. Determine o(16).
-63
Let x(f) = 12*f**2 + 142*f - 19. Give x(-13).
163
Let t(d) = 3*d**2 + 168*d + 857. Determine t(-51).
92
Let d(r) = -3*r**2 + 30*r - 415. What is d(10)?
-415
Let k(f) = 243*f + 723. Determine k(-7).
-978
Let m(h) = -41*h - 35. Determine m(-3).
88
Let s(d) = d**2 - 22*d + 79. Calculate s(24).
127
Let p(q) = 31*q + 1492. Determine p(-49).
-27
Let b(l) = 300*l + 1185. Calculate b(-4).
-15
Let l(u) = -87*u + 539. What is l(6)?
17
Let i(y) = y**3 + 11*y**2 + 5*y - 120. Determine i(-9).
-3
Let j(t) = -587*t - 1120. Calculate j(-2).
54
Let f(c) = c**3 + 15*c**2 - 6*c - 44. What is f(-15)?
46
Let q(g) = -2*g**3 - 16*g**2 - 50*g - 26. What is q(-4)?
46
Let y(u) = u**2 + 146*u + 292. Determine y(-2).
4
Let m(f) = f**2 + 25*f - 100. Give m(5).
50
Let o(n) = 34*n**2 - 111*n + 13. What is o(3)?
-14
Let x(s) = -9*s**2 + 60*s - 184. What is x(5)?
-109
Let k(w) = 25*w**3 + 1672*w**2 - 201*w - 12. Calculate k(-67).
-12
Let z(n) = n**2 + 25*n - 466. Give z(12).
-22
Let f(a) = a**3 + 10*a**2 - 2*a - 45. Determine f(-10).
-25
Let o(m) = -3*m**2 - 27*m + 243. What is o(-14)?
33
Let v(r) = 2*r**3 - 14*r**2 + 15*r + 16. What is v(5)?
-9
Let a(m) = -49*m - 203. What is a(-4)?
-7
Let a(m) = 4*m**2 - 82*m + 106. What is a(19)?
-8
Let w(m) = 67*m + 100. Determine w(-1).
33
Let b(l) = 93*l**2 - 2233*l + 23. Calculate b(24).
-1
Let u(d) = 6991*d + 90877. Give u(-13).
-6
Let z(a) = -8*a**3 + 13*a**2 - a - 11. Determine z(1).
-7
Let p(q) = -q**3 - 2*q**2 + 11*q + 6. What is p(0)?
6
Let v(q) = q**3 + 108*q**2 + 422*q + 618. Give v(-104).
-6
Let l(h) = -2*h**2 - 124*h + 21842. Give l(78).
2
Let z(d) = d**2 - 40*d + 119. Determine z(3).
8
Let z(t) = -t**3 + 15*t**2 - 19*t - 97. What is z(11)?
178
Let p(l) = -l**3 - 28*l**2 - 96*l - 31. Determine p(-24).
-31
Let t(s) = 96*s - 5794. Calculate t(60).
-34
Let z(w) = w**2 - 737*w + 10127. Calculate z(14).
5
Let n(r) = -64*r - 101. What is n(5)?
-421
Let i(w) = -239*w - 16507. Give i(-69).
-16
Let l(v) = 17*v - 651. What is l(36)?
-39
Let j(n) = n**3 - 2*n**2 - n - 139. Determine j(0).
-139
Let q(u) = -61*u**2 - 2624*u - 48. Give q(-43).
-5
Let p(h) = 7*h - 228. Determine p(34).
10
Let r(t) = t**3 - 8*t**2 - 379*t + 786. Determine r(23).
4
Let u(c) = 186*c + 378. Calculate u(-3).
-180
Let l(j) = -5*j - 232. Give l(-36).
-52
Let d(i) = 25*i + 73. What is d(-3)?
-2
Let p(j) = -3*j**2 + 47*j + 181. Give p(19).
-9
Let c(p) = -p**2 - 488*p - 2889. Give c(-6).
3
Let y(k) = -365*k + 346. Calculate y(1).
-19
Let p(f) = -f**3 + 46*f**2 - 165*f - 117. Determine p(42).
9
Let i(l) = 2368*l - 4742. Calculate i(2).
-6
Let k(n) = 30*n - 111. Determine k(3).
-21
Let i(r) = -10782*r + 53907. Calculate i(5).
-3
Let p(a) = -a**3 + 27*a**2 - 146*a + 34. Calculate p(7).
-8
Let c(r) = -r**2 + 13*r + 131. Determine c(14).
117
Let p(k) = -138*k + 4818. Give p(34).
126
Let o(m) = -m**2 + 98*m - 467. Give o(91).
170
Let l(j) = -j**3 - 21*j**2 + 22*j + 42. What is l(-22)?
42
Let x(a) = 3*a**3 - 463*a**2 + 88*a + 10164. Determine x(154).
0
Let y(j) = -7*j**2 + 11*j - 32. Determine y(6).
-218
Let c(o) = 3*o**2 - 42*o + 134. Give c(4).
14
Let j(v) = -14*v**2 + 29*v + 131. Calculate j(-8).
-997
Let f(y) = -2*y**2 + 367*y - 11056. Determine f(38).
2
Let w(j) = -627*j - 6276. Give w(-10).
-6
Let y(r) = r**3 - 33*r**2 + 117*r - 10. What is y(29)?
19
Let c(r) = 2*r**2 + 545*r - 3308. Give c(6).
34
Let o(b) = -b**2 - 189*b - 3057. What is o(-171)?
21
Let l(d) = -d**3 + 3*d**2 + 6*d - 29. Determine l(6).
-101
Let j(w) = 2*w**2 + 39*w + 136. Determine j(-10).
-54
Let s(d) = -d**2 - 13*d + 11593. What is s(102)?
-137
Let h(x) = -209*x - 2097. Give h(-10).
-7
Let v(a) = -a**2 + 68*a - 1174. What is v(30)?
-34
Let y(l) = -45*l + 334. What is y(14)?
-296
Let y(r) = r**2 - 234*r + 1820. What is y(8)?
12
Let x(s) = s**2 + 49*s - 197. Give x(-55).
133
Let b(f) = -3*f**3 + 23*f**2 - 9*f + 52. Determine b(8).
-84
Let v(w) = -w**3 + 7*w**2 + 14*w + 51. What is v(10)?
-109
Let w(c) = 2*c**3 - 48*c**2 - 35*c - 401. Calculate w(25).
-26
Let w(s) = 150*s - 1. Give w(1).
149
Let v(o) = 2*o**3 + 10*o**2 - 67*o + 8. What is v(-9)?
-37
Let a(l) = -30*l - 131. Calculate a(-4).
-11
Let t(b) = -1498*b - 35952. What is t(-24)?
0
Let r(h) = -h**2 + 2*h + 29. Calculate r(17).
-226
Let b(y) = 78*y + 1594. Determine b(-20).
34
Let f(t) = 12*t**2 - t + 7. What is f(2)?
53
Let t(v) = 269*v - 2104. What is t(8)?
48
Let l(j) = 79*j**2 + 90*j - 178. What is l(2)?
318
Let w(j) = -3*j**3 + 3*j**2 - 8. Calculate w(4).
-152
Let y(i) = -17*i - 701. Give y(-36).
-89
Let o(f) = 19*f + 52. What is o(-7)?
-81
Let m(l) = -21*l**3 - 88*l**2 - 37*l - 82. Calculate m(-4).
2
Let a(q) = -13*q**2 + 4*q - 1. Determine a(-3).
-130
Let l(x) = x**3 - 24*x**2 + 35*x - 277. Give l(23).
-1
Let z(y) = -69*y - 48. Calculate z(-6).
366
Let z(j) = 2*j**2 + 5*j - 107. Calculate z(6).
-5
Let c(l) = l**3 + 8*l**2 + 18*l + 14. What is c(-8)?
-130
Let l(x) = 20*x + 131. What is l(-8)?
-29
Let f(q) = 63*q**2 + 5*q + 5. Determine f(-1).
63
Let q(p) = -p**3 - 8*p**2 - 10*p - 272. Give q(-11).
201
Let v(f) = -111*f + 2742. Calculate v(23).
189
Let x(z) = 4*z**2 - 90*z + 49. Determine x(16).
-367
Let l(v) = v**3 - 16*v**2 - 11*v - 92. Calculate l(16).
-268
Let o(h) = -69*h + 144. What is o(2)?
6
Let n(q) = 2*q**3 + 176*q**2 - 175*q + 244. Determine n(-89).
-23
Let c(o) = -88*o + 9. Determine c(0).
9
Let q(b) = 2*b**2 + 238*b + 3179. What is q(-104)?
59
Let q(t) = 5*t**2 + 529*t + 920. Determine q(-104).
-16
Let v(a) = -a**3 + 4*a**2 + 409*a - 1259. Determine v(3).
-23
Let c(o) = o**3 - 5*o**2 + 209*o - 2301. Calculate c(10).
289
Let g(v) = 47*v + 57. What is g(-1)?
10
Let g(v) = -66*v - 1194. Give g(-18).
-6
Let f(h) = 6*h**2 + 98*h + 136. Calculate f(-15).
16
Let x(r) = -r**2 + 19*r - 79. What is x(11)?
9
Let y(q) = q**3 - 22*q**2 + 90*q - 92. Determine y(17).
-7
Let w(t) = -10*t + 26. Give w(5).
-24
Let b(x) = 14*x**2 - 2*x + 4. Determine b(1).
16
Let b(k) = -2*k**2 - 32*k - 155. Calculate b(-9).
-29
Let p(r) = -234*r + 2726. Give p(14).
-550
Let r(w) = 2*w**2 - 25*w + 80. Determine r(4).
12
Let l(d) = 299*d + 1824. Give l(-6).
30
Let o(x) = -31*x - 4. What is o(4)?
-12